{"id":60,"date":"2014-10-01T16:31:43","date_gmt":"2014-10-01T14:31:43","guid":{"rendered":"https:\/\/www.mactoys.cz\/?page_id=60"},"modified":"2014-10-31T08:12:58","modified_gmt":"2014-10-31T07:12:58","slug":"pece-o-zakazniky","status":"publish","type":"page","link":"https:\/\/www.mactoys.cz\/?page_id=60","title":{"rendered":"T\u00fdm obchodn\u00edch z\u00e1stupc\u016f"},"content":{"rendered":"<p><img loading=\"lazy\" decoding=\"async\" class=\"alignright wp-image-63 size-full\" src=\"https:\/\/www.mactoys.cz\/wp-content\/uploads\/2014\/10\/zakaznici.png\" alt=\"zakaznici\" width=\"300\" height=\"268\" srcset=\"https:\/\/www.mactoys.cz\/wp-content\/uploads\/2014\/10\/zakaznici.png 300w, https:\/\/www.mactoys.cz\/wp-content\/uploads\/2014\/10\/zakaznici-100x90.png 100w, https:\/\/www.mactoys.cz\/wp-content\/uploads\/2014\/10\/zakaznici-151x135.png 151w, https:\/\/www.mactoys.cz\/wp-content\/uploads\/2014\/10\/zakaznici-214x192.png 214w\" sizes=\"auto, (max-width: 300px) 100vw, 300px\" \/><\/p>\n<p>Podm\u00ednkou kvalitn\u00ed spolupr\u00e1ce jsou dobr\u00e9 vztahy s na\u0161imi z\u00e1kazn\u00edky. V r\u00e1mci holdingu proto ke sv\u00fdm z\u00e1kazn\u00edk\u016fm p\u0159istupujeme individu\u00e1ln\u011b jak po str\u00e1nce obchodn\u00edch podm\u00ednek, tak i prost\u0159ednictv\u00edm zku\u0161en\u00fdch obchodn\u00edch z\u00e1stupc\u016f spole\u010dnost\u00ed MAC TOYS s.r.o. a MPK Toys CZ s.r.o.<\/p>\n<p>Obchodn\u00ed podm\u00ednky a syst\u00e9m slev optimalizujeme pro ka\u017ed\u00e9ho z\u00e1kazn\u00edka tak, abychom podpo\u0159ili jeho dal\u0161\u00ed rozvoj. Denn\u00ed komunikace, p\u00e9\u010de o z\u00e1kazn\u00edka a jeho obchodn\u00ed \u010dinnost prob\u00edh\u00e1 na osobn\u00ed \u00farovni prost\u0159ednictv\u00edm p\u011bti obchodn\u00edch z\u00e1stupc\u016f pro \u010cechy a Moravu a dvou z\u00e1stupc\u016f pro slovensk\u00fd trh, kte\u0159\u00ed z\u00e1kazn\u00edky pravideln\u011b nav\u0161t\u011bvuj\u00ed a pom\u00e1haj\u00ed \u0159e\u0161it v\u0161e pot\u0159ebn\u00e9. Kl\u00ed\u010dov\u00e1 rozhodnut\u00ed je mo\u017en\u00e9 v\u017edy konzultovat s mana\u017eerem zastupuj\u00edc\u00edm vybran\u00e9 zna\u010dky.<\/p>\n","protected":false},"excerpt":{"rendered":"<p>Podm\u00ednkou kvalitn\u00ed spolupr\u00e1ce jsou dobr\u00e9 vztahy s na\u0161imi z\u00e1kazn\u00edky. V r\u00e1mci holdingu proto ke sv\u00fdm z\u00e1kazn\u00edk\u016fm p\u0159istupujeme individu\u00e1ln\u011b jak po str\u00e1nce obchodn\u00edch podm\u00ednek, tak i prost\u0159ednictv\u00edm zku\u0161en\u00fdch obchodn\u00edch z\u00e1stupc\u016f spole\u010dnost\u00ed MAC TOYS s.r.o. a MPK Toys CZ s.r.o. Obchodn\u00ed podm\u00ednky a syst\u00e9m slev optimalizujeme pro ka\u017ed\u00e9ho z\u00e1kazn\u00edka tak, abychom podpo\u0159ili jeho dal\u0161\u00ed rozvoj. Denn\u00ed komunikace, [&hellip;]<\/p>\n","protected":false},"author":2,"featured_media":0,"parent":0,"menu_order":0,"comment_status":"closed","ping_status":"closed","template":"","meta":{"footnotes":""},"class_list":["post-60","page","type-page","status-publish","hentry"],"_links":{"self":[{"href":"https:\/\/www.mactoys.cz\/index.php?rest_route=\/wp\/v2\/pages\/60","targetHints":{"allow":["GET"]}}],"collection":[{"href":"https:\/\/www.mactoys.cz\/index.php?rest_route=\/wp\/v2\/pages"}],"about":[{"href":"https:\/\/www.mactoys.cz\/index.php?rest_route=\/wp\/v2\/types\/page"}],"author":[{"embeddable":true,"href":"https:\/\/www.mactoys.cz\/index.php?rest_route=\/wp\/v2\/users\/2"}],"replies":[{"embeddable":true,"href":"https:\/\/www.mactoys.cz\/index.php?rest_route=%2Fwp%2Fv2%2Fcomments&post=60"}],"version-history":[{"count":6,"href":"https:\/\/www.mactoys.cz\/index.php?rest_route=\/wp\/v2\/pages\/60\/revisions"}],"predecessor-version":[{"id":239,"href":"https:\/\/www.mactoys.cz\/index.php?rest_route=\/wp\/v2\/pages\/60\/revisions\/239"}],"wp:attachment":[{"href":"https:\/\/www.mactoys.cz\/index.php?rest_route=%2Fwp%2Fv2%2Fmedia&parent=60"}],"curies":[{"name":"wp","href":"https:\/\/api.w.org\/{rel}","templated":true}]}}