{"id":52,"date":"2014-10-01T16:27:04","date_gmt":"2014-10-01T14:27:04","guid":{"rendered":"https:\/\/www.mactoys.cz\/?page_id=52"},"modified":"2014-10-31T08:13:30","modified_gmt":"2014-10-31T07:13:30","slug":"marketing","status":"publish","type":"page","link":"https:\/\/www.mactoys.cz\/?page_id=52","title":{"rendered":"Marketing"},"content":{"rendered":"<p>Na\u0161e marketingov\u00e9 odd\u011blen\u00ed ve spolupr\u00e1ci s brand managery \u0159e\u0161\u00ed ot\u00e1zky propagace, podpory prodeje a PR pro v\u0161echny v\u00fdb\u011brov\u00e9 produkty \u010di produktov\u00e9 \u0159ady nejen pro pot\u0159eby holdingu, ale i pro ka\u017ed\u00e9ho z\u00e1kazn\u00edka individu\u00e1ln\u011b. Sou\u010d\u00e1st\u00ed podpory prodeje u koncov\u00fdch z\u00e1kazn\u00edk\u016f je dle typu produkt\u016f inzerce, PR podpora v magaz\u00ednech zam\u011b\u0159en\u00fdch na c\u00edlovou skupinu, spot\u0159ebitelsk\u00e9 sout\u011b\u017ee, v\u00fdroba ti\u0161t\u011bn\u00fdch materi\u00e1l\u016f, um\u00edst\u011bn\u00ed polo\u017eek do spot\u0159ebitelsk\u00fdch katalog\u016f a v neposledn\u00ed \u0159ad\u011b i televizn\u00ed reklama. Ka\u017edoro\u010dn\u011b po\u0159\u00e1d\u00e1me speci\u00e1ln\u00ed p\u0159edv\u00e1no\u010dn\u00ed setk\u00e1n\u00ed p\u0159i p\u0159\u00edle\u017eitosti uzav\u00edr\u00e1n\u00ed v\u00e1no\u010dn\u00edch objedn\u00e1vek.<\/p>\n<p><img loading=\"lazy\" decoding=\"async\" class=\"aligncenter wp-image-55 size-full\" src=\"https:\/\/www.mactoys.cz\/wp-content\/uploads\/2014\/10\/marketing.png\" alt=\"marketing\" width=\"730\" height=\"250\" srcset=\"https:\/\/www.mactoys.cz\/wp-content\/uploads\/2014\/10\/marketing.png 730w, https:\/\/www.mactoys.cz\/wp-content\/uploads\/2014\/10\/marketing-300x102.png 300w, https:\/\/www.mactoys.cz\/wp-content\/uploads\/2014\/10\/marketing-262x90.png 262w, https:\/\/www.mactoys.cz\/wp-content\/uploads\/2014\/10\/marketing-394x135.png 394w, https:\/\/www.mactoys.cz\/wp-content\/uploads\/2014\/10\/marketing-560x192.png 560w\" sizes=\"auto, (max-width: 730px) 100vw, 730px\" \/><\/p>\n","protected":false},"excerpt":{"rendered":"<p>Na\u0161e marketingov\u00e9 odd\u011blen\u00ed ve spolupr\u00e1ci s brand managery \u0159e\u0161\u00ed ot\u00e1zky propagace, podpory prodeje a PR pro v\u0161echny v\u00fdb\u011brov\u00e9 produkty \u010di produktov\u00e9 \u0159ady nejen pro pot\u0159eby holdingu, ale i pro ka\u017ed\u00e9ho z\u00e1kazn\u00edka individu\u00e1ln\u011b. Sou\u010d\u00e1st\u00ed podpory prodeje u koncov\u00fdch z\u00e1kazn\u00edk\u016f je dle typu produkt\u016f inzerce, PR podpora v magaz\u00ednech zam\u011b\u0159en\u00fdch na c\u00edlovou skupinu, spot\u0159ebitelsk\u00e9 sout\u011b\u017ee, v\u00fdroba ti\u0161t\u011bn\u00fdch [&hellip;]<\/p>\n","protected":false},"author":2,"featured_media":0,"parent":0,"menu_order":0,"comment_status":"closed","ping_status":"closed","template":"","meta":{"footnotes":""},"class_list":["post-52","page","type-page","status-publish","hentry"],"_links":{"self":[{"href":"https:\/\/www.mactoys.cz\/index.php?rest_route=\/wp\/v2\/pages\/52","targetHints":{"allow":["GET"]}}],"collection":[{"href":"https:\/\/www.mactoys.cz\/index.php?rest_route=\/wp\/v2\/pages"}],"about":[{"href":"https:\/\/www.mactoys.cz\/index.php?rest_route=\/wp\/v2\/types\/page"}],"author":[{"embeddable":true,"href":"https:\/\/www.mactoys.cz\/index.php?rest_route=\/wp\/v2\/users\/2"}],"replies":[{"embeddable":true,"href":"https:\/\/www.mactoys.cz\/index.php?rest_route=%2Fwp%2Fv2%2Fcomments&post=52"}],"version-history":[{"count":8,"href":"https:\/\/www.mactoys.cz\/index.php?rest_route=\/wp\/v2\/pages\/52\/revisions"}],"predecessor-version":[{"id":240,"href":"https:\/\/www.mactoys.cz\/index.php?rest_route=\/wp\/v2\/pages\/52\/revisions\/240"}],"wp:attachment":[{"href":"https:\/\/www.mactoys.cz\/index.php?rest_route=%2Fwp%2Fv2%2Fmedia&parent=52"}],"curies":[{"name":"wp","href":"https:\/\/api.w.org\/{rel}","templated":true}]}}