{"id":23,"date":"2014-10-01T15:34:19","date_gmt":"2014-10-01T13:34:19","guid":{"rendered":"https:\/\/www.mactoys.cz\/?page_id=23"},"modified":"2014-10-23T10:17:48","modified_gmt":"2014-10-23T08:17:48","slug":"mactoys","status":"publish","type":"page","link":"https:\/\/www.mactoys.cz\/?page_id=23","title":{"rendered":"MAC TOYS s.r.o."},"content":{"rendered":"<p><img loading=\"lazy\" decoding=\"async\" class=\"alignright wp-image-30 size-height195\" src=\"https:\/\/www.mactoys.cz\/wp-content\/uploads\/2014\/10\/svet1-391x192.png\" alt=\"svet\" width=\"391\" height=\"192\" srcset=\"https:\/\/www.mactoys.cz\/wp-content\/uploads\/2014\/10\/svet1-391x192.png 391w, https:\/\/www.mactoys.cz\/wp-content\/uploads\/2014\/10\/svet1-300x147.png 300w, https:\/\/www.mactoys.cz\/wp-content\/uploads\/2014\/10\/svet1-183x90.png 183w, https:\/\/www.mactoys.cz\/wp-content\/uploads\/2014\/10\/svet1-275x135.png 275w, https:\/\/www.mactoys.cz\/wp-content\/uploads\/2014\/10\/svet1.png 538w\" sizes=\"auto, (max-width: 391px) 100vw, 391px\" \/><\/p>\n<p>Spole\u010dnost MAC TOYS s.r.o. je v\u00fdznamnou velkoobchodn\u00ed spole\u010dnost\u00ed zab\u00fdvaj\u00edc\u00ed se prodejem hra\u010dek. Jej\u00ed p\u0159ednost\u00ed je st\u00e1l\u00e9 sledov\u00e1n\u00ed sv\u011btov\u00e9ho trhu a v\u00fdb\u011br nov\u00fdch zna\u010dek ur\u010den\u00fdch pro dom\u00e1c\u00ed trh. Hlavn\u00edm polem p\u016fsobnosti je \u010cesk\u00e1 republika, dod\u00e1v\u00e1 v\u0161ak tak\u00e9 na Slovensko.<\/p>\n<p>Historie spole\u010dnosti sahaj\u00edc\u00ed a\u017e do roku 1991 je jedn\u00edm z d\u016fkaz\u016f, \u017ee MAC TOYS s.r.o. je spole\u010dnost\u00ed stoj\u00edc\u00ed na stabiln\u00edch z\u00e1kladech. S p\u0159ib\u00fdvaj\u00edc\u00edmi roky v\u0161ak nezapom\u00edn\u00e1me na nezbytn\u00fd rozvoj a neust\u00e1le p\u0159izp\u016fsobujeme jak vnit\u0159n\u00ed strukturu spole\u010dnosti, tak i sortimentn\u00ed skladbu po\u017eadavk\u016fm na\u0161ich z\u00e1kazn\u00edk\u016f. Celoro\u010dn\u011b aktivn\u011b vyhled\u00e1v\u00e1me produkty i produktov\u00e9 \u0159ady, kter\u00e9 vybo\u010duj\u00ed ze st\u00e1vaj\u00edc\u00edho sortimentu prod\u00e1van\u00e9ho na na\u0161em trhu a vypl\u0148uj\u00ed neust\u00e1le vznikaj\u00edc\u00ed mezery na trhu hra\u010dek \u010di zachytit nov\u00e9 trendy.<\/p>\n<p>Spole\u010dnost MAC TOYS s.r.o. nab\u00edz\u00ed sv\u00fdm z\u00e1kazn\u00edk\u016fm nejen rozs\u00e1hl\u00fd a st\u00e1le aktu\u00e1ln\u00ed sortiment, ale i zodpov\u011bdn\u00fd p\u0159\u00edstup ve v\u0161ech ohledech.<\/p>\n<p>Hled\u00e1te-li v oblasti hra\u010dek spolehliv\u00e9ho partnera, hled\u00e1te MAC TOYS s.r.o.<\/p>\n","protected":false},"excerpt":{"rendered":"<p>Spole\u010dnost MAC TOYS s.r.o. je v\u00fdznamnou velkoobchodn\u00ed spole\u010dnost\u00ed zab\u00fdvaj\u00edc\u00ed se prodejem hra\u010dek. Jej\u00ed p\u0159ednost\u00ed je st\u00e1l\u00e9 sledov\u00e1n\u00ed sv\u011btov\u00e9ho trhu a v\u00fdb\u011br nov\u00fdch zna\u010dek ur\u010den\u00fdch pro dom\u00e1c\u00ed trh. Hlavn\u00edm polem p\u016fsobnosti je \u010cesk\u00e1 republika, dod\u00e1v\u00e1 v\u0161ak tak\u00e9 na Slovensko. Historie spole\u010dnosti sahaj\u00edc\u00ed a\u017e do roku 1991 je jedn\u00edm z d\u016fkaz\u016f, \u017ee MAC TOYS s.r.o. je spole\u010dnost\u00ed [&hellip;]<\/p>\n","protected":false},"author":2,"featured_media":0,"parent":0,"menu_order":0,"comment_status":"closed","ping_status":"closed","template":"","meta":{"footnotes":""},"class_list":["post-23","page","type-page","status-publish","hentry"],"_links":{"self":[{"href":"https:\/\/www.mactoys.cz\/index.php?rest_route=\/wp\/v2\/pages\/23","targetHints":{"allow":["GET"]}}],"collection":[{"href":"https:\/\/www.mactoys.cz\/index.php?rest_route=\/wp\/v2\/pages"}],"about":[{"href":"https:\/\/www.mactoys.cz\/index.php?rest_route=\/wp\/v2\/types\/page"}],"author":[{"embeddable":true,"href":"https:\/\/www.mactoys.cz\/index.php?rest_route=\/wp\/v2\/users\/2"}],"replies":[{"embeddable":true,"href":"https:\/\/www.mactoys.cz\/index.php?rest_route=%2Fwp%2Fv2%2Fcomments&post=23"}],"version-history":[{"count":14,"href":"https:\/\/www.mactoys.cz\/index.php?rest_route=\/wp\/v2\/pages\/23\/revisions"}],"predecessor-version":[{"id":235,"href":"https:\/\/www.mactoys.cz\/index.php?rest_route=\/wp\/v2\/pages\/23\/revisions\/235"}],"wp:attachment":[{"href":"https:\/\/www.mactoys.cz\/index.php?rest_route=%2Fwp%2Fv2%2Fmedia&parent=23"}],"curies":[{"name":"wp","href":"https:\/\/api.w.org\/{rel}","templated":true}]}}