{"id":184,"date":"2014-10-06T13:55:30","date_gmt":"2014-10-06T11:55:30","guid":{"rendered":"https:\/\/www.mactoys.cz\/?page_id=184"},"modified":"2015-05-05T12:31:28","modified_gmt":"2015-05-05T10:31:28","slug":"dokumenty-ke-stazeni","status":"publish","type":"page","link":"https:\/\/www.mactoys.cz\/?page_id=184","title":{"rendered":"Dokumenty ke sta\u017een\u00ed"},"content":{"rendered":"<p>&nbsp;<\/p>\n<p>Aktu\u00e1ln\u00ed dokumenty ke sta\u017een\u00ed naleznete na post\u00e1lu:\u00a0<a title=\"JUSTICE\" href=\"https:\/\/or.justice.cz\/ias\/ui\/vypis-sl-firma?subjektId=636694\" target=\"_blank\">or.justice.cz<\/a><\/p>\n<h3>Z\u00e1kladn\u00ed dokumenty spole\u010dnosti\u00a0MAC TOYS s.r.o.:<\/h3>\n\n<!-- Generated using Document Gallery. Get yours here: http:\/\/wordpress.org\/extend\/plugins\/document-gallery -->\n<div id=\"document-gallery-1\" class=\"document-gallery\" data-shortcode='{\"id\":184,\"include\":\"\",\"exclude\":\"\",\"attachment_pg\":false,\"columns\":4,\"descriptions\":false,\"fancy\":true,\"limit\":-1,\"mime_types\":\"application,video,text,audio,image\",\"new_window\":false,\"order\":\"ASC\",\"orderby\":\"menu_order\",\"paginate\":true,\"post_status\":\"any\",\"post_type\":\"attachment\",\"relation\":\"AND\",\"skip\":0,\"category\":\"Z\\u00e1kladn\\u00ed dokumenty spole\\u010dnosti\"}' style='--dg-icon-width: 24%'>\n<div class='document-icon-row'>\n   <div class=\"document-icon\">\n      <a href=\"https:\/\/www.mactoys.cz\/wp-content\/uploads\/2014\/10\/zakladatelske-dokumenty-a-notarsky-zapis.pdf\" target=\"_self\">\n         <img decoding=\"async\" src=\"https:\/\/www.mactoys.cz\/wp-content\/uploads\/2014\/10\/zakladatelske-dokumenty-a-notarsky-zapis-thumb-1.png\" title=\"zakl. dok., not. zapis\" alt=\"zakl. dok., not. zapis\" data-ext=\"pdf\"\/>\n         <span class=\"title\">zakl. dok., not. zapis<\/span>\n      <\/a>\n   <\/div>\n\n<\/div>\n<\/div>\n<h3>\u00da\u010detn\u00ed z\u00e1v\u011brka za rok 2013:<\/h3>\n\n<!-- Generated using Document Gallery. Get yours here: http:\/\/wordpress.org\/extend\/plugins\/document-gallery -->\n<div id=\"document-gallery-2\" class=\"document-gallery\" data-shortcode='{\"id\":184,\"include\":\"\",\"exclude\":\"\",\"attachment_pg\":false,\"columns\":4,\"descriptions\":false,\"fancy\":true,\"limit\":-1,\"mime_types\":\"application,video,text,audio,image\",\"new_window\":false,\"order\":\"ASC\",\"orderby\":\"menu_order\",\"paginate\":true,\"post_status\":\"any\",\"post_type\":\"attachment\",\"relation\":\"AND\",\"skip\":0,\"category\":\"\\u00da\\u010detn\\u00ed z\\u00e1v\\u011brka za rok 2013\"}' style='--dg-icon-width: 24%'>\n<div class='document-icon-row'>\n   <div class=\"document-icon\">\n      <a href=\"https:\/\/www.mactoys.cz\/wp-content\/uploads\/2014\/10\/ucetni-zaverka2013-priloha.pdf\" target=\"_self\">\n         <img decoding=\"async\" src=\"https:\/\/www.mactoys.cz\/wp-content\/uploads\/2014\/10\/ucetni-zaverka2013-priloha-thumb.png\" title=\"P\u0159\u00edloha 2013\" alt=\"P\u0159\u00edloha 2013\" data-ext=\"pdf\"\/>\n         <span class=\"title\">P\u0159\u00edloha 2013<\/span>\n      <\/a>\n   <\/div>\n   <div class=\"document-icon\">\n      <a href=\"https:\/\/www.mactoys.cz\/wp-content\/uploads\/2015\/05\/ucetni-zaverka2013-rozvaha.pdf\" target=\"_self\">\n         <img decoding=\"async\" src=\"https:\/\/www.mactoys.cz\/wp-content\/uploads\/2015\/05\/ucetni-zaverka2013-rozvaha-thumb.png\" title=\"Rozvaha 2013\" alt=\"Rozvaha 2013\" data-ext=\"pdf\"\/>\n         <span class=\"title\">Rozvaha 2013<\/span>\n      <\/a>\n   <\/div>\n   <div class=\"document-icon\">\n      <a href=\"https:\/\/www.mactoys.cz\/wp-content\/uploads\/2015\/05\/ucetni-zaverka2013-vykaz-zisku-a-ztrat.pdf\" target=\"_self\">\n         <img decoding=\"async\" src=\"https:\/\/www.mactoys.cz\/wp-content\/uploads\/2015\/05\/ucetni-zaverka2013-vykaz-zisku-a-ztrat-thumb.png\" title=\"V\u00fdkaz zisku a ztr\u00e1t 2013\" alt=\"V\u00fdkaz zisku a ztr\u00e1t 2013\" data-ext=\"pdf\"\/>\n         <span class=\"title\">V\u00fdkaz zisku a ztr\u00e1t 2013<\/span>\n      <\/a>\n   <\/div>\n\n<\/div>\n<\/div>\n<h3>\u00da\u010detn\u00ed z\u00e1v\u011brka za rok 2012:<\/h3>\n\n<!-- Generated using Document Gallery. Get yours here: http:\/\/wordpress.org\/extend\/plugins\/document-gallery -->\n<div id=\"document-gallery-3\" class=\"document-gallery\" data-shortcode='{\"id\":184,\"include\":\"\",\"exclude\":\"\",\"attachment_pg\":false,\"columns\":4,\"descriptions\":false,\"fancy\":true,\"limit\":-1,\"mime_types\":\"application,video,text,audio,image\",\"new_window\":false,\"order\":\"ASC\",\"orderby\":\"menu_order\",\"paginate\":true,\"post_status\":\"any\",\"post_type\":\"attachment\",\"relation\":\"AND\",\"skip\":0,\"category\":\"\\u00da\\u010detn\\u00ed z\\u00e1v\\u011brka za rok 2012\"}' style='--dg-icon-width: 24%'>\n<div class='document-icon-row'>\n   <div class=\"document-icon\">\n      <a href=\"https:\/\/www.mactoys.cz\/wp-content\/uploads\/2014\/10\/ucetni-zaverka2012-priloha.pdf\" target=\"_self\">\n         <img decoding=\"async\" src=\"https:\/\/www.mactoys.cz\/wp-content\/uploads\/2014\/10\/ucetni-zaverka2012-priloha-thumb-1.png\" title=\"P\u0159\u00edloha 2012\" alt=\"P\u0159\u00edloha 2012\" data-ext=\"pdf\"\/>\n         <span class=\"title\">P\u0159\u00edloha 2012<\/span>\n      <\/a>\n   <\/div>\n   <div class=\"document-icon\">\n      <a href=\"https:\/\/www.mactoys.cz\/wp-content\/uploads\/2014\/10\/ucetni-zaverka2012-rozvaha.pdf\" target=\"_self\">\n         <img decoding=\"async\" src=\"https:\/\/www.mactoys.cz\/wp-content\/uploads\/2014\/10\/ucetni-zaverka2012-rozvaha-thumb-1.png\" title=\"Rozvaha 2012\" alt=\"Rozvaha 2012\" data-ext=\"pdf\"\/>\n         <span class=\"title\">Rozvaha 2012<\/span>\n      <\/a>\n   <\/div>\n   <div class=\"document-icon\">\n      <a href=\"https:\/\/www.mactoys.cz\/wp-content\/uploads\/2014\/10\/ucetni-zaverka2012-vykaz-zisku-a-ztrat.pdf\" target=\"_self\">\n         <img decoding=\"async\" src=\"https:\/\/www.mactoys.cz\/wp-content\/uploads\/2014\/10\/ucetni-zaverka2012-vykaz-zisku-a-ztrat-thumb-1.png\" title=\"V\u00fdkaz zisku a ztr\u00e1t 2012\" alt=\"V\u00fdkaz zisku a ztr\u00e1t 2012\" data-ext=\"pdf\"\/>\n         <span class=\"title\">V\u00fdkaz zisku a ztr\u00e1t 2012<\/span>\n      <\/a>\n   <\/div>\n\n<\/div>\n<\/div>\n<h3>Informace k valn\u00e9 hromad\u011b:<\/h3>\n","protected":false},"excerpt":{"rendered":"<p>&nbsp; Aktu\u00e1ln\u00ed dokumenty ke sta\u017een\u00ed naleznete na post\u00e1lu:\u00a0or.justice.cz Z\u00e1kladn\u00ed dokumenty spole\u010dnosti\u00a0MAC TOYS s.r.o.: \u00da\u010detn\u00ed z\u00e1v\u011brka za rok 2013: \u00da\u010detn\u00ed z\u00e1v\u011brka za rok 2012: Informace k valn\u00e9 hromad\u011b:<\/p>\n","protected":false},"author":2,"featured_media":0,"parent":0,"menu_order":0,"comment_status":"closed","ping_status":"closed","template":"","meta":{"footnotes":""},"class_list":["post-184","page","type-page","status-publish","hentry"],"_links":{"self":[{"href":"https:\/\/www.mactoys.cz\/index.php?rest_route=\/wp\/v2\/pages\/184","targetHints":{"allow":["GET"]}}],"collection":[{"href":"https:\/\/www.mactoys.cz\/index.php?rest_route=\/wp\/v2\/pages"}],"about":[{"href":"https:\/\/www.mactoys.cz\/index.php?rest_route=\/wp\/v2\/types\/page"}],"author":[{"embeddable":true,"href":"https:\/\/www.mactoys.cz\/index.php?rest_route=\/wp\/v2\/users\/2"}],"replies":[{"embeddable":true,"href":"https:\/\/www.mactoys.cz\/index.php?rest_route=%2Fwp%2Fv2%2Fcomments&post=184"}],"version-history":[{"count":29,"href":"https:\/\/www.mactoys.cz\/index.php?rest_route=\/wp\/v2\/pages\/184\/revisions"}],"predecessor-version":[{"id":251,"href":"https:\/\/www.mactoys.cz\/index.php?rest_route=\/wp\/v2\/pages\/184\/revisions\/251"}],"wp:attachment":[{"href":"https:\/\/www.mactoys.cz\/index.php?rest_route=%2Fwp%2Fv2%2Fmedia&parent=184"}],"curies":[{"name":"wp","href":"https:\/\/api.w.org\/{rel}","templated":true}]}}